{"id":50,"date":"2023-11-17T13:12:32","date_gmt":"2023-11-17T13:12:32","guid":{"rendered":"https:\/\/restaurant.stcdesign.ro\/?page_id=50"},"modified":"2023-12-12T11:36:04","modified_gmt":"2023-12-12T09:36:04","slug":"evenimente","status":"publish","type":"page","link":"https:\/\/www.restaurantardelenesc.ro\/electroputere\/evenimente\/","title":{"rendered":"Evenimente"},"content":{"rendered":"<style>.kb-row-layout-wrap.wp-block-kadence-rowlayout.kb-row-layout-id50_b25ce5-31{margin-bottom:0px;}.kb-row-layout-id50_b25ce5-31 > .kt-row-column-wrap{align-content:center;}:where(.kb-row-layout-id50_b25ce5-31 > .kt-row-column-wrap) > .wp-block-kadence-column{justify-content:center;}.kb-row-layout-id50_b25ce5-31 > .kt-row-column-wrap{column-gap:var(--global-kb-gap-md, 2rem);row-gap:var(--global-kb-gap-md, 2rem);max-width:var( --global-content-width, 1290px );padding-left:var(--global-content-edge-padding);padding-right:var(--global-content-edge-padding);padding-top:var(--global-kb-spacing-xl, 4rem);padding-bottom:var(--global-kb-spacing-xl, 4rem);grid-template-columns:minmax(0, 1fr);}.kb-row-layout-id50_b25ce5-31{background-image:url('https:\/\/www.restaurantardelenesc.ro\/electroputere\/wp-content\/uploads\/2023\/12\/bg-parallax-main.jpg');background-size:cover;background-position:45% 26%;background-attachment:fixed;background-repeat:no-repeat;}.kb-row-layout-id50_b25ce5-31 > .kt-row-layout-overlay{opacity:0.35;background-color:var(--global-palette6, #718096);mix-blend-mode:normal;}.kb-row-layout-id50_b25ce5-31 .kt-row-layout-bottom-sep{height:100px;}.kb-row-layout-id50_b25ce5-31 .kt-row-layout-bottom-sep svg{width:100%;}.kb-row-layout-id50_b25ce5-31 .kt-row-layout-bottom-sep svg{fill:#ffffff!important;}@media all and (max-width: 1024px), only screen and (min-device-width: 1024px) and (max-device-width: 1366px) and (-webkit-min-device-pixel-ratio: 2) and (hover: none){.kb-row-layout-id50_b25ce5-31{background-attachment:scroll;}}@media all and (max-width: 1024px){.kb-row-layout-id50_b25ce5-31 > .kt-row-column-wrap{column-gap:var(--global-kb-gap-md, 2rem);padding-top:var(--global-kb-spacing-lg, 3rem);padding-right:var(--global-kb-spacing-lg, 3rem);padding-bottom:var(--global-kb-spacing-lg, 3rem);padding-left:var(--global-kb-spacing-lg, 3rem);grid-template-columns:minmax(0, 1fr);}}@media all and (max-width: 1024px){.kb-row-layout-id50_b25ce5-31 .kt-row-layout-bottom-sep{height:px;}}@media all and (max-width: 1024px){.kb-row-layout-id50_b25ce5-31 .kt-row-layout-bottom-sep svg{width:%;}}@media all and (max-width: 767px){.kb-row-layout-id50_b25ce5-31 > .kt-row-column-wrap{padding-top:var(--global-kb-spacing-lg, 3rem);padding-right:var(--global-kb-spacing-xs, 1rem);padding-left:var(--global-kb-spacing-xs, 1rem);grid-template-columns:minmax(0, 1fr);}.kb-row-layout-id50_b25ce5-31 .kt-row-layout-bottom-sep{height:px;}.kb-row-layout-id50_b25ce5-31 .kt-row-layout-bottom-sep svg{width:%;}}<\/style><div style=\"background-image: url(https:\/\/www.restaurantardelenesc.ro\/electroputere\/wp-content\/uploads\/2023\/12\/bg-parallax-main.jpg);\" class=\"kb-row-layout-wrap kb-row-layout-id50_b25ce5-31 alignfull kt-row-has-bg kt-jarallax wp-block-kadence-rowlayout\" data-img-position=\"45% 26%\" data-img-size=\"cover\"><div class=\"kt-row-layout-overlay kt-row-overlay-normal\"><\/div><div class=\"kt-row-column-wrap kt-has-1-columns kt-row-layout-equal kt-tab-layout-inherit kt-mobile-layout-row kt-row-valign-middle kb-theme-content-width\">\n<style>.kadence-column50_51e1d9-98 > .kt-inside-inner-col{display:flex;}.kadence-column50_51e1d9-98 > .kt-inside-inner-col,.kadence-column50_51e1d9-98 > .kt-inside-inner-col:before{border-top-left-radius:0px;border-top-right-radius:0px;border-bottom-right-radius:0px;border-bottom-left-radius:0px;}.kadence-column50_51e1d9-98 > .kt-inside-inner-col{column-gap:var(--global-kb-gap-sm, 1rem);}.kadence-column50_51e1d9-98 > .kt-inside-inner-col{flex-direction:column;justify-content:center;}.kadence-column50_51e1d9-98 > .kt-inside-inner-col > .aligncenter{width:100%;}.kt-row-column-wrap > .kadence-column50_51e1d9-98{align-self:center;}.kt-inner-column-height-full:not(.kt-has-1-columns) > .wp-block-kadence-column.kadence-column50_51e1d9-98{align-self:auto;}.kt-inner-column-height-full:not(.kt-has-1-columns) > .wp-block-kadence-column.kadence-column50_51e1d9-98 > .kt-inside-inner-col{flex-direction:column;justify-content:center;}.kadence-column50_51e1d9-98 > .kt-inside-inner-col:before{opacity:0.3;}.kadence-column50_51e1d9-98{text-align:left;}.kadence-column50_51e1d9-98{position:relative;}@media all and (max-width: 1024px){.kt-row-column-wrap > .kadence-column50_51e1d9-98{align-self:center;}}@media all and (max-width: 1024px){.kt-inner-column-height-full:not(.kt-has-1-columns) > .wp-block-kadence-column.kadence-column50_51e1d9-98{align-self:auto;}}@media all and (max-width: 1024px){.kt-inner-column-height-full:not(.kt-has-1-columns) > .wp-block-kadence-column.kadence-column50_51e1d9-98 > .kt-inside-inner-col{flex-direction:column;justify-content:center;}}@media all and (max-width: 1024px){.kadence-column50_51e1d9-98 > .kt-inside-inner-col{flex-direction:column;justify-content:center;}}@media all and (max-width: 767px){.kt-row-column-wrap > .kadence-column50_51e1d9-98{align-self:center;}.kt-inner-column-height-full:not(.kt-has-1-columns) > .wp-block-kadence-column.kadence-column50_51e1d9-98{align-self:auto;}.kt-inner-column-height-full:not(.kt-has-1-columns) > .wp-block-kadence-column.kadence-column50_51e1d9-98 > .kt-inside-inner-col{flex-direction:column;justify-content:center;}.kadence-column50_51e1d9-98 > .kt-inside-inner-col{flex-direction:column;justify-content:center;}}<\/style>\n<div class=\"wp-block-kadence-column kadence-column50_51e1d9-98 kb-section-dir-vertical inner-column-1\"><div class=\"kt-inside-inner-col\"><style>.wp-block-kadence-advancedheading.kt-adv-heading50_ec4360-a9, .wp-block-kadence-advancedheading.kt-adv-heading50_ec4360-a9[data-kb-block=\"kb-adv-heading50_ec4360-a9\"]{max-width:70%;font-size:var(--global-kb-font-size-xl, 3rem);line-height:1.2;font-style:normal;}.wp-block-kadence-advancedheading.kt-adv-heading50_ec4360-a9 mark.kt-highlight, .wp-block-kadence-advancedheading.kt-adv-heading50_ec4360-a9[data-kb-block=\"kb-adv-heading50_ec4360-a9\"] mark.kt-highlight{font-style:normal;color:#f76a0c;-webkit-box-decoration-break:clone;box-decoration-break:clone;padding-top:0px;padding-right:0px;padding-bottom:0px;padding-left:0px;}.wp-block-kadence-advancedheading.kt-adv-heading50_ec4360-a9 img.kb-inline-image, .wp-block-kadence-advancedheading.kt-adv-heading50_ec4360-a9[data-kb-block=\"kb-adv-heading50_ec4360-a9\"] img.kb-inline-image{width:150px;vertical-align:baseline;}@media all and (max-width: 767px){.wp-block-kadence-advancedheading.kt-adv-heading50_ec4360-a9, .wp-block-kadence-advancedheading.kt-adv-heading50_ec4360-a9[data-kb-block=\"kb-adv-heading50_ec4360-a9\"]{max-width:99%;}}<\/style>\n<h1 class=\"kt-adv-heading50_ec4360-a9 wp-block-kadence-advancedheading has-theme-palette-9-color has-text-color\" data-kb-block=\"kb-adv-heading50_ec4360-a9\">Evenimente<\/h1>\n\n\n<style>.wp-block-kadence-advancedheading.kt-adv-heading50_620b50-c8, .wp-block-kadence-advancedheading.kt-adv-heading50_620b50-c8[data-kb-block=\"kb-adv-heading50_620b50-c8\"]{max-width:70%;font-size:18px;line-height:1.6em;font-weight:400;font-style:normal;font-family:Montserrat;}.wp-block-kadence-advancedheading.kt-adv-heading50_620b50-c8 mark.kt-highlight, .wp-block-kadence-advancedheading.kt-adv-heading50_620b50-c8[data-kb-block=\"kb-adv-heading50_620b50-c8\"] mark.kt-highlight{font-style:normal;color:#f76a0c;-webkit-box-decoration-break:clone;box-decoration-break:clone;padding-top:0px;padding-right:0px;padding-bottom:0px;padding-left:0px;}.wp-block-kadence-advancedheading.kt-adv-heading50_620b50-c8 img.kb-inline-image, .wp-block-kadence-advancedheading.kt-adv-heading50_620b50-c8[data-kb-block=\"kb-adv-heading50_620b50-c8\"] img.kb-inline-image{width:150px;vertical-align:baseline;}@media all and (max-width: 767px){.wp-block-kadence-advancedheading.kt-adv-heading50_620b50-c8, .wp-block-kadence-advancedheading.kt-adv-heading50_620b50-c8[data-kb-block=\"kb-adv-heading50_620b50-c8\"]{max-width:99%;}}<\/style>\n<p class=\"kt-adv-heading50_620b50-c8 wp-block-kadence-advancedheading has-theme-palette-9-color has-text-color\" data-kb-block=\"kb-adv-heading50_620b50-c8\">Vibra\u021bii muzicale \u0219i arome delicioase se \u00eent\u00e2lnesc la evenimentele noastre speciale. Descoper\u0103 concerte live cu arti\u0219ti talenta\u021bi \u0219i bucur\u0103-te de o experien\u021b\u0103 culinar\u0103 de neuitat \u00eentr-un cadru vibrant \u0219i plin de energie.<\/p>\n<\/div><\/div>\n\n<\/div><\/div>\n\n<style>.kb-row-layout-id50_85b2ae-f3 > .kt-row-column-wrap{align-content:center;}:where(.kb-row-layout-id50_85b2ae-f3 > .kt-row-column-wrap) > .wp-block-kadence-column{justify-content:center;}.kb-row-layout-id50_85b2ae-f3 > .kt-row-column-wrap{column-gap:var(--global-kb-gap-md, 2rem);row-gap:var(--global-kb-gap-md, 2rem);max-width:var( --global-content-width, 1290px );padding-left:var(--global-content-edge-padding);padding-right:var(--global-content-edge-padding);padding-top:var(--global-kb-spacing-sm, 1.5rem);padding-bottom:var(--global-kb-spacing-sm, 1.5rem);grid-template-columns:minmax(0, 1fr);}.kb-row-layout-id50_85b2ae-f3 > .kt-row-layout-overlay{opacity:0.30;}@media all and (max-width: 1024px){.kb-row-layout-id50_85b2ae-f3 > .kt-row-column-wrap{grid-template-columns:minmax(0, 1fr);}}@media all and (max-width: 767px){.kb-row-layout-id50_85b2ae-f3 > .kt-row-column-wrap{grid-template-columns:minmax(0, 1fr);}}<\/style><div class=\"kb-row-layout-wrap kb-row-layout-id50_85b2ae-f3 aligncenter wp-block-kadence-rowlayout\"><div class=\"kt-row-column-wrap kt-has-1-columns kt-row-layout-equal kt-tab-layout-inherit kt-mobile-layout-row kt-row-valign-middle kb-theme-content-width\">\n<style>.kadence-column50_781e48-ed > .kt-inside-inner-col,.kadence-column50_781e48-ed > .kt-inside-inner-col:before{border-top-left-radius:0px;border-top-right-radius:0px;border-bottom-right-radius:0px;border-bottom-left-radius:0px;}.kadence-column50_781e48-ed > .kt-inside-inner-col{column-gap:var(--global-kb-gap-sm, 1rem);}.kadence-column50_781e48-ed > .kt-inside-inner-col{flex-direction:column;}.kadence-column50_781e48-ed > .kt-inside-inner-col > .aligncenter{width:100%;}.kadence-column50_781e48-ed > .kt-inside-inner-col:before{opacity:0.3;}.kadence-column50_781e48-ed{position:relative;}@media all and (max-width: 1024px){.kadence-column50_781e48-ed > .kt-inside-inner-col{flex-direction:column;justify-content:center;}}@media all and (max-width: 767px){.kadence-column50_781e48-ed > .kt-inside-inner-col{flex-direction:column;justify-content:center;}}<\/style>\n<div class=\"wp-block-kadence-column kadence-column50_781e48-ed\"><div class=\"kt-inside-inner-col\"><div class=\"wp-block-kadence-query wp-block-kadence-query50_e0dbdb-30 kadence-query-init kb-query-basic-style animation-overlay kb-query wp-block-kadence-query\" data-id=\"2161\" data-infinite-scroll=\"\">\n<style>.kb-pro-masonry-init .wp-block-kadence-query-card50_65806b-8a.wp-block-kadence-query-card .kb-query-grid-wrap{columns:3;}.kb-pro-masonry-init .wp-block-kadence-query-card50_65806b-8a.wp-block-kadence-query-card .kb-query-grid-wrap .kb-query-item{margin-bottom:var(--global-kb-gap-md, 2rem);}.wp-block-kadence-query-card50_65806b-8a.wp-block-kadence-query-card .kb-query-grid-wrap.kb-query-grid-wrap{grid-template-columns:repeat(3, 1fr);row-gap:var(--global-kb-gap-md, 2rem);column-gap:var(--global-kb-gap-md, 2rem);}.wp-block-kadence-query-card50_65806b-8a .kb-query-grid-wrap .kb-query-item.kb-query-block-post{box-shadow:1px 1px 2px 0px rgba(0, 0, 0, 0.06);border-top-left-radius:10px;border-top-right-radius:10px;border-bottom-right-radius:10px;border-bottom-left-radius:10px;overflow:hidden;}@media all and (max-width: 767px){.kb-pro-masonry-init .wp-block-kadence-query-card50_65806b-8a.wp-block-kadence-query-card .kb-query-grid-wrap{columns:1;}.wp-block-kadence-query-card50_65806b-8a.wp-block-kadence-query-card .kb-query-grid-wrap.kb-query-grid-wrap{grid-template-columns:repeat(1, 1fr);}}<\/style><div class=\"wp-block-kadence-query-card50_65806b-8a wp-block-kadence-query-card\" data-max-num-pages=\"1\"><div class=\"overlay\"><\/div><ul class=\"kb-query-grid-wrap\" data-item-selector=\"kb-query-item\"><li class=\"kb-query-item kb-query-block-post post-2074 post type-post status-publish format-standard has-post-thumbnail hentry category-uncategorized\"><div class=\"kb-query-item-flip-back\"><\/div>\n<style>.kt-img-overlay50_c8f104-682074 .kt-image-overlay-wrap{max-width:768px;overflow:hidden;}.kt-img-overlay50_c8f104-682074 .kt-image-overlay-wrap .kt-block-intrisic{padding-bottom:100%;}.kt-img-overlay50_c8f104-682074 .kt-image-overlay-color-wrapper{opacity:0.25;}.kt-img-overlay50_c8f104-682074 .kt-image-overlay-wrap:has(:focus-visible) .kt-image-overlay-color-wrapper{opacity:0.24 !important;}.kt-img-overlay50_c8f104-682074 .kt-image-overlay-wrap:hover .kt-image-overlay-color-wrapper{opacity:0.24 !important;}.kt-img-overlay50_c8f104-682074 .kt-image-overlay-color{background-color:var(--global-palette3, #1A202C);opacity:1;}.kt-img-overlay50_c8f104-682074 .kt-image-overlay-message{border-top:0px solid rgba(255,255,255,0.8);border-right:0px solid rgba(255,255,255,0.8);border-bottom:0px solid rgba(255,255,255,0.8);border-left:0px solid rgba(255,255,255,0.8);inset:24px;}.wp-block-kadence-imageoverlay.kt-img-overlay50_c8f104-682074 .kt-image-overlay-message .image-overlay-title{color:#fff;background:rgba(0, 0, 0, 0);padding-top:0px;padding-right:0px;padding-bottom:0px;padding-left:0px;margin-top:0px;margin-right:0px;margin-bottom:10px;margin-left:0px;font-size:var(--global-kb-font-size-lg, 2rem);font-family:Cardo;font-weight:inherit;font-style:normal;}.kt-img-overlay50_c8f104-682074 .kt-image-overlay-divider{border-top-color:#fff;border-top-width:1px;width:80%;border-top-style:none;}.wp-block-kadence-imageoverlay.kt-img-overlay50_c8f104-682074 .kt-image-overlay-message .image-overlay-subtitle{color:#fff;background:rgba(0, 0, 0, 0);padding-top:0px;padding-right:0px;padding-bottom:0px;padding-left:0px;margin-top:0px;margin-right:0px;margin-bottom:0px;margin-left:0px;font-size:16px;font-family:Montserrat;font-weight:400;font-style:normal;}@media all and (max-width: 1024px){.kt-img-overlay50_c8f104-682074 .kt-image-overlay-wrap{max-width:768px;}}@media all and (max-width: 1024px){.kt-img-overlay50_c8f104-682074 .kt-image-overlay-message{border-top:0px solid rgba(255,255,255,0.8);border-right:0px solid rgba(255,255,255,0.8);border-bottom:0px solid rgba(255,255,255,0.8);border-left:0px solid rgba(255,255,255,0.8);}}@media all and (max-width: 767px){.kt-img-overlay50_c8f104-682074 .kt-image-overlay-wrap{max-width:768px;}.kt-img-overlay50_c8f104-682074 .kt-image-overlay-message{border-top:0px solid rgba(255,255,255,0.8);border-right:0px solid rgba(255,255,255,0.8);border-bottom:0px solid rgba(255,255,255,0.8);border-left:0px solid rgba(255,255,255,0.8);}}<\/style>\n<div class=\"kt-img-overlay50_c8f104-682074 aligncenter wp-block-kadence-imageoverlay\"><div class=\"kt-image-overlay-wrap kt-over-image-zoomin\"><div class=\"kt-block-intrisic kt-over-set-ratio\"><div class=\"kt-image-overlay-color-wrapper\"><div class=\"kt-image-overlay-color\"><\/div><\/div><a href=\"https:\/\/www.restaurantardelenesc.ro\/electroputere\/articol-de-test\/\" class=\"kt-imageoverlay-link\"><div class=\"kt-image-overlay-message kt-over-substyle-visible kt-over-valign-bottom kt-over-halign-left\"><div class=\"kt-image-overlay-inner\"><h2 class=\"image-overlay-title\">Articol de test<\/h2><h6 class=\"image-overlay-subtitle\"><\/h6><\/div><\/div><\/a><\/div><\/div><\/div>\n\n<\/li><li class=\"kb-query-item kb-query-block-post post-356 post type-post status-publish format-standard has-post-thumbnail hentry category-uncategorized\"><div class=\"kb-query-item-flip-back\"><\/div>\n<style>.kt-img-overlay50_c8f104-68356 .kt-image-overlay-wrap{max-width:768px;overflow:hidden;}.kt-img-overlay50_c8f104-68356 .kt-image-overlay-wrap .kt-block-intrisic{padding-bottom:100%;}.kt-img-overlay50_c8f104-68356 .kt-image-overlay-color-wrapper{opacity:0.25;}.kt-img-overlay50_c8f104-68356 .kt-image-overlay-wrap:has(:focus-visible) .kt-image-overlay-color-wrapper{opacity:0.24 !important;}.kt-img-overlay50_c8f104-68356 .kt-image-overlay-wrap:hover .kt-image-overlay-color-wrapper{opacity:0.24 !important;}.kt-img-overlay50_c8f104-68356 .kt-image-overlay-color{background-color:var(--global-palette3, #1A202C);opacity:1;}.kt-img-overlay50_c8f104-68356 .kt-image-overlay-message{border-top:0px solid rgba(255,255,255,0.8);border-right:0px solid rgba(255,255,255,0.8);border-bottom:0px solid rgba(255,255,255,0.8);border-left:0px solid rgba(255,255,255,0.8);inset:24px;}.wp-block-kadence-imageoverlay.kt-img-overlay50_c8f104-68356 .kt-image-overlay-message .image-overlay-title{color:#fff;background:rgba(0, 0, 0, 0);padding-top:0px;padding-right:0px;padding-bottom:0px;padding-left:0px;margin-top:0px;margin-right:0px;margin-bottom:10px;margin-left:0px;font-size:var(--global-kb-font-size-lg, 2rem);font-family:Cardo;font-weight:inherit;font-style:normal;}.kt-img-overlay50_c8f104-68356 .kt-image-overlay-divider{border-top-color:#fff;border-top-width:1px;width:80%;border-top-style:none;}.wp-block-kadence-imageoverlay.kt-img-overlay50_c8f104-68356 .kt-image-overlay-message .image-overlay-subtitle{color:#fff;background:rgba(0, 0, 0, 0);padding-top:0px;padding-right:0px;padding-bottom:0px;padding-left:0px;margin-top:0px;margin-right:0px;margin-bottom:0px;margin-left:0px;font-size:16px;font-family:Montserrat;font-weight:400;font-style:normal;}@media all and (max-width: 1024px){.kt-img-overlay50_c8f104-68356 .kt-image-overlay-wrap{max-width:768px;}}@media all and (max-width: 1024px){.kt-img-overlay50_c8f104-68356 .kt-image-overlay-message{border-top:0px solid rgba(255,255,255,0.8);border-right:0px solid rgba(255,255,255,0.8);border-bottom:0px solid rgba(255,255,255,0.8);border-left:0px solid rgba(255,255,255,0.8);}}@media all and (max-width: 767px){.kt-img-overlay50_c8f104-68356 .kt-image-overlay-wrap{max-width:768px;}.kt-img-overlay50_c8f104-68356 .kt-image-overlay-message{border-top:0px solid rgba(255,255,255,0.8);border-right:0px solid rgba(255,255,255,0.8);border-bottom:0px solid rgba(255,255,255,0.8);border-left:0px solid rgba(255,255,255,0.8);}}<\/style>\n<div class=\"kt-img-overlay50_c8f104-68356 aligncenter wp-block-kadence-imageoverlay\"><div class=\"kt-image-overlay-wrap kt-over-image-zoomin\"><div class=\"kt-block-intrisic kt-over-set-ratio\"><div class=\"kt-image-overlay-color-wrapper\"><div class=\"kt-image-overlay-color\"><\/div><\/div><a href=\"https:\/\/www.restaurantardelenesc.ro\/electroputere\/articol-dev\/\" class=\"kt-imageoverlay-link\"><div class=\"kt-image-overlay-message kt-over-substyle-visible kt-over-valign-bottom kt-over-halign-left\"><div class=\"kt-image-overlay-inner\"><h2 class=\"image-overlay-title\">Articol dev<\/h2><h6 class=\"image-overlay-subtitle\"><\/h6><\/div><\/div><\/a><\/div><\/div><\/div>\n\n<\/li><\/ul><\/div>\n<\/div><\/div><\/div>\n\n<\/div><\/div>","protected":false},"excerpt":{"rendered":"<p>Evenimente Vibra\u021bii muzicale \u0219i arome delicioase se \u00eent\u00e2lnesc la evenimentele noastre speciale. Descoper\u0103 concerte live cu arti\u0219ti talenta\u021bi \u0219i bucur\u0103-te de o experien\u021b\u0103 culinar\u0103 de neuitat \u00eentr-un cadru vibrant \u0219i plin de energie.<\/p>\n","protected":false},"author":1,"featured_media":0,"parent":0,"menu_order":6,"comment_status":"closed","ping_status":"closed","template":"","meta":{"_kad_blocks_custom_css":"","_kad_blocks_head_custom_js":"","_kad_blocks_body_custom_js":"","_kad_blocks_footer_custom_js":"","_kad_post_transparent":"","_kad_post_title":"hide","_kad_post_layout":"fullwidth","_kad_post_sidebar_id":"","_kad_post_content_style":"unboxed","_kad_post_vertical_padding":"","_kad_post_feature":"","_kad_post_feature_position":"","_kad_post_header":false,"_kad_post_footer":false,"_kad_post_classname":"","footnotes":""},"class_list":["post-50","page","type-page","status-publish","hentry"],"taxonomy_info":[],"featured_image_src_large":false,"author_info":{"display_name":"StcDev","author_link":"https:\/\/www.restaurantardelenesc.ro\/electroputere\/author\/1da57c9d645a01af\/"},"comment_info":0,"_links":{"self":[{"href":"https:\/\/www.restaurantardelenesc.ro\/electroputere\/wp-json\/wp\/v2\/pages\/50","targetHints":{"allow":["GET"]}}],"collection":[{"href":"https:\/\/www.restaurantardelenesc.ro\/electroputere\/wp-json\/wp\/v2\/pages"}],"about":[{"href":"https:\/\/www.restaurantardelenesc.ro\/electroputere\/wp-json\/wp\/v2\/types\/page"}],"author":[{"embeddable":true,"href":"https:\/\/www.restaurantardelenesc.ro\/electroputere\/wp-json\/wp\/v2\/users\/1"}],"replies":[{"embeddable":true,"href":"https:\/\/www.restaurantardelenesc.ro\/electroputere\/wp-json\/wp\/v2\/comments?post=50"}],"version-history":[{"count":0,"href":"https:\/\/www.restaurantardelenesc.ro\/electroputere\/wp-json\/wp\/v2\/pages\/50\/revisions"}],"wp:attachment":[{"href":"https:\/\/www.restaurantardelenesc.ro\/electroputere\/wp-json\/wp\/v2\/media?parent=50"}],"curies":[{"name":"wp","href":"https:\/\/api.w.org\/{rel}","templated":true}]}}