{"id":2964,"date":"2025-04-11T12:23:42","date_gmt":"2025-04-11T09:23:42","guid":{"rendered":"https:\/\/www.restaurantardelenesc.ro\/centru\/?post_type=product&#038;p=2964"},"modified":"2025-04-27T22:41:05","modified_gmt":"2025-04-27T19:41:05","slug":"tochitura-cu-mamaliguta","status":"publish","type":"product","link":"https:\/\/www.restaurantardelenesc.ro\/centru\/produs\/tochitura-cu-mamaliguta\/","title":{"rendered":"Tochitur\u0103 cu m\u0103m\u0103ligu\u021b\u0103"},"content":{"rendered":"","protected":false},"excerpt":{"rendered":"","protected":false},"featured_media":2965,"comment_status":"open","ping_status":"closed","template":"","meta":{"_acf_changed":false,"_kad_blocks_custom_css":"","_kad_blocks_head_custom_js":"","_kad_blocks_body_custom_js":"","_kad_blocks_footer_custom_js":"","_kad_post_transparent":"default","_kad_post_title":"","_kad_post_layout":"default","_kad_post_sidebar_id":"","_kad_post_content_style":"default","_kad_post_vertical_padding":"default","_kad_post_feature":"","_kad_post_feature_position":"","_kad_post_header":false,"_kad_post_footer":false,"_kad_post_classname":""},"product_brand":[],"product_cat":[44,18],"product_tag":[],"class_list":{"0":"post-2964","1":"product","2":"type-product","3":"status-publish","4":"has-post-thumbnail","6":"product_cat-preparate-traditionale","7":"product_cat-toate-produsele","9":"first","10":"instock","11":"shipping-taxable","12":"purchasable","13":"product-type-simple","14":"entry","15":"content-bg","16":"loop-entry"},"acf":[],"taxonomy_info":{"product_cat":[{"value":44,"label":"Preparate Tradi\u021bionale"},{"value":18,"label":"Toate produsele"}]},"featured_image_src_large":["https:\/\/www.restaurantardelenesc.ro\/centru\/wp-content\/uploads\/2025\/04\/tochitura-cu-mamaliguta-1024x682.webp",1024,682,true],"author_info":[],"comment_info":0,"_links":{"self":[{"href":"https:\/\/www.restaurantardelenesc.ro\/centru\/wp-json\/wp\/v2\/product\/2964","targetHints":{"allow":["GET"]}}],"collection":[{"href":"https:\/\/www.restaurantardelenesc.ro\/centru\/wp-json\/wp\/v2\/product"}],"about":[{"href":"https:\/\/www.restaurantardelenesc.ro\/centru\/wp-json\/wp\/v2\/types\/product"}],"replies":[{"embeddable":true,"href":"https:\/\/www.restaurantardelenesc.ro\/centru\/wp-json\/wp\/v2\/comments?post=2964"}],"wp:featuredmedia":[{"embeddable":true,"href":"https:\/\/www.restaurantardelenesc.ro\/centru\/wp-json\/wp\/v2\/media\/2965"}],"wp:attachment":[{"href":"https:\/\/www.restaurantardelenesc.ro\/centru\/wp-json\/wp\/v2\/media?parent=2964"}],"wp:term":[{"taxonomy":"product_brand","embeddable":true,"href":"https:\/\/www.restaurantardelenesc.ro\/centru\/wp-json\/wp\/v2\/product_brand?post=2964"},{"taxonomy":"product_cat","embeddable":true,"href":"https:\/\/www.restaurantardelenesc.ro\/centru\/wp-json\/wp\/v2\/product_cat?post=2964"},{"taxonomy":"product_tag","embeddable":true,"href":"https:\/\/www.restaurantardelenesc.ro\/centru\/wp-json\/wp\/v2\/product_tag?post=2964"}],"curies":[{"name":"wp","href":"https:\/\/api.w.org\/{rel}","templated":true}]}}